Let g(s) = 7*s**3 - s**2 + 6*s - 2. Let p(q) = -3*g(q) + 4*h(q). Determine p(-2).
-14
Suppose 4*r + 0*r = 16. Let o(w) = 2*w**2 - 7*w + 5. Calculate o(r).
9
Let q = 0 + 2. Let c(g) = g**3 + g**2 - 2 + g**q - 3*g**3 + 3*g. What is c(2)?
-4
Let r(s) = -3*s + s - s**2 - 4*s + 0 + 5. Determine r(-6).
5
Let c be -4*234/(-120) + 2/10. Let u(p) = -p. What is u(c)?
-8
Let u(d) = -2*d - 2. Let y(v) = -2*v - 1. Let j(l) = 2*u(l) - 3*y(l). Determine j(-5).
-11
Let m(t) = 2*t - 8. Let v(c) = 5*c**3 - 2*c**2 - 5*c + 4. Let y(p) = 6*p**3 - p**2 - 6*p + 5. Let l(k) = -5*v(k) + 4*y(k). Let q be l(6). Calculate m(q).
4
Let z be (((-6)/(-8))/3)/(15/(-60)). Let p(n) = -6*n**3 - n**2. Calculate p(z).
5
Let u(a) be the third derivative of -a**4/24 + a**3/2 - a**2. Let d be u(0). Let t be (d - 0)/(3/(-4)). Let l(c) = -2*c + 1. Calculate l(t).
9
Suppose -4*q - 21 = -s, -3*s + 32 = s - 3*q. Let h(f) = -f**3 + 6*f**2 - 6*f - 1. Calculate h(s).
-6
Let i = 16 - 13. Let c(b) = -3 + b**2 + 3 + 2 - i*b + 4*b. What is c(-2)?
4
Let s(t) be the first derivative of -3*t + 3/2*t**2 + 1/3*t**3 + 2. Let b be 1/(3/(-12)*-2). Give s(b).
7
Let j(b) = b**3 - 4*b**2 + 4*b - 3. Let c be j(2). Let n(u) be the second derivative of -u**4/12 - u**3 - 3*u**2/2 - 7*u. Determine n(c).
6
Let m(p) = p**2 + 4*p + 3. Let s(i) = i + 23. Let g be s(-27). Determine m(g).
3
Suppose -3*s - 2 - 1 = 0. Let z be (0 + s + 2)*4. Let a(g) be the second derivative of g**3/3 - 3*g**2/2 + 322*g. Determine a(z).
5
Let b = -1 + 4. Let i(r) = 4*r**2 + 2*r + 6. Let y(s) = -5*s**2 - s - 7. Let q(n) = b*y(n) + 4*i(n). Determine q(-5).
3
Let u(v) = 5*v**3 + 9*v**2 - 4*v - 1. Let k(l) = -l**3 - l**2 + l. Let h(d) = -4*k(d) - u(d). Let n be h(-5). Let y(j) = 8*j**2 + j - 1. Determine y(n).
8
Let z(n) = -4*n - 3 + 2 + 2 + n**2. Let t = 0 + 3. Suppose -4*a = -t*a - 4. Calculate z(a).
1
Let a be (-7)/(-4) - 4/(-16). Let z(y) = y + 5 - 2 + a. Let q = 8 + -13. What is z(q)?
0
Let h(w) = -3*w**3 - 26*w**2 + 26*w + 35. Let p(c) = c**3 + 9*c**2 - 9*c - 12. Let g(d) = 4*h(d) + 11*p(d). Determine g(-6).
14
Suppose -2*g = 2*g + 20. Let p(n) = n**2 + 8*n. Let w(j) = 3*j**2 + 23*j - 1. Let d(z) = -8*p(z) + 3*w(z). Calculate d(g).
-3
Suppose -5*a + 2 = -6*a. Let b(z) = 3*z - 12. Let c(h) = h. Let u(o) = a*c(o) + b(o). Suppose 3*i + 12 = 5*i. Calculate u(i).
-6
Let s = -8 - -10. Let x(c) be the third derivative of 0*c - 1/6*c**3 + 0 - 1/24*c**4 + 1/20*c**5 + s*c**2 + 1/120*c**6. Give x(-3).
2
Suppose 21 = -j - 2*j. Let w = j - -3. Let q(c) be the third derivative of c**6/120 + c**5/15 + c**4/24 + 5*c**3/6 - c**2. Calculate q(w).
1
Let v(h) = -2*h - 2 - h + 0*h. Let k(r) = r. Let j(z) = -5*k(z) - v(z). Let n = 1 + 1. Calculate j(n).
-2
Let p(b) be the second derivative of b**4/4 - b**3/3 - b**2 - 17*b. Give p(2).
6
Let v(o) = -3*o - 2*o + 3*o. Let q = -15 - -8. Let h be ((-36)/28 - -1)*q. What is v(h)?
-4
Let g(v) = 5*v + 1. Let k(r) = -98*r**3 - 6*r**2 - 16 + 99*r**3 + 20*r - 14*r**2. Let x be k(19). Give g(x).
16
Let l be 0/(3 + (-20)/4). Let c(d) = d**2 + d - 2. Give c(l).
-2
Let y(x) = 2*x - 4 + 5*x - 8*x - 3. Determine y(-6).
-1
Suppose 0 = 5*f + 4*t - 4, 3*f - 2*t = -7*t + 5. Let x(h) = -5 + h**2 + 8 + f*h - 3*h - 2*h. Determine x(4).
-1
Let j(o) = 2*o + 13. Let g(h) = 3*h + 20. Let z(l) = -5*g(l) + 7*j(l). Let q be z(-11). Let c(p) = p**3 + p**2 - p - 2. What is c(q)?
8
Let w(y) = -y + 9. Suppose -j - 4 = -8. Give w(j).
5
Let c(o) be the second derivative of 4*o**3/3 + o**2/2 + 6*o. Determine c(-1).
-7
Suppose -4*r - 4*y = 0, 5*y = 5*r - 0*r - 20. Let t(v) = -7*v**r - 5*v**2 + 13*v**2 + 3*v - 3. Let o = 6 - 10. Give t(o).
1
Let q(a) be the third derivative of -1/24*a**4 + 1/120*a**5 - 1/6*a**3 + 2*a**2 + 0*a + 0. Let h(j) be the first derivative of q(j). Give h(4).
3
Let l(s) = 2*s - 5. Let c = 0 + -1. Let z(u) = 3 - 1 - 3 - 5*u. Let j be z(c). Give l(j).
3
Let a(n) be the third derivative of -n**4/12 + 5*n**3/6 + n**2. Let l = -269 - -273. Give a(l).
-3
Let g(q) = 7 - 7 - 8 + 3*q + 4*q - q**2. Let l be g(6). Let p(f) = 2*f - 1. What is p(l)?
-5
Let v(n) be the first derivative of -n**3/3 - n**2/2 - 2. Let j(i) = i**3 + 11*i**2 + 8*i - 1. Let r(b) = j(b) + 6*v(b). Give r(-4).
7
Let o(n) = -7*n**2 - 3*n + 3. Let a(g) = 63*g**2 + 28*g - 28. Let j(y) = -3*a(y) - 28*o(y). Let w be (-4 - 9/(-3))*1. Let f be (-9)/9 - (w - 1). Calculate j(f).
7
Let l(k) = -k**2 - 5*k - 3. Suppose -6*f = -2*f - 28. Suppose -f*r = -9*r - 8. Give l(r).
1
Let h(v) = 5*v**2 - 15*v - 6. Let n(w) = -3*w**2 + 8*w + 3. Let s(x) = -4*h(x) - 7*n(x). Let f = -318 - -315. Give s(f).
0
Suppose -5*i + i + 12 = 0. Let n(w) = 4*w + 1. Let p be n(1). Suppose p*x - a - 25 = 0, -5*x + 0 = i*a - 25. Let v(b) = b**2 - 6*b + 3. Give v(x).
-2
Let q(n) be the first derivative of -n**3/3 - n + 49. Let u(i) = -i**2 + i - 1. Let f be u(1). Calculate q(f).
-2
Let h(i) = 2*i**2 - 2 + i - 2 + 3 + i**3 - 3. Let n(v) = 2*v**3 + 4*v**2 + v - 7. Suppose 15 = q - 4*q. Let r(y) = q*h(y) + 3*n(y). Calculate r(-2).
3
Let s(q) = 13*q - 2. Let u(g) = -4*g + 1. Let h(t) = 2*s(t) + 7*u(t). Determine h(3).
-3
Let b(f) be the first derivative of -5/2*f**2 + f - 1 - 1/3*f**3. Determine b(-4).
5
Let s(t) be the first derivative of t**4/4 + 8*t**3/3 + 7*t**2/2 + 6*t - 14. What is s(-7)?
6
Let t(s) = -5*s**3 - s**2 + s + 1. Let f be ((-6)/4)/(3/8). Let v = f + 3. Give t(v).
4
Let v(q) = -4*q**2 - 3*q - 3. Let l be v(-3). Let d be l/(-6) + 0 + 1. Let g(p) = p**3 - 7*p**2 + 6*p - 5. Calculate g(d).
-5
Let x be 9/(-9)*(-1)/1. Suppose -3*n + 14 = -x. Let q(y) = -y + 3. Give q(n).
-2
Let a(v) = v - 6. Let s be a(7). Suppose -7 = -q - s. Let m(y) = 2*y - 6. Calculate m(q).
6
Let g(r) = -r**2 - 5*r. Suppose -4*x + 3*x = -3*t - 5, -5*t = -3*x + 3. Give g(x).
4
Let r(j) = -22*j**2 - 7*j + 3. Let q(y) = 5*y**2 + 2*y - 1. Let d(g) = -9*q(g) - 2*r(g). Give d(-6).
-9
Let s be (0 - (-2)/(-3))*3. Let f(o) be the first derivative of o**3 + 1/2*o**4 + 0*o**2 + 0*o - 3. Calculate f(s).
-4
Let h(f) = 6 - 3*f**2 + f**3 - 10 + 2*f - 2*f**2 + 2*f. Give h(4).
-4
Let s(y) = 11*y**3 + 21*y**2 - 25*y + 3. Let x(p) = -5*p**3 - 10*p**2 + 12*p - 1. Let i(j) = -4*s(j) - 9*x(j). What is i(-7)?
4
Let v(r) = -4*r + 4. Suppose -5*u + 8 = -3*u - d, -2*u = 3*d. What is v(u)?
-8
Let q be (5 - (-3 - -3))/(-1). Let o(v) = v - 6. What is o(q)?
-11
Let b(s) = -2*s + 3. Suppose -4*y - 2*w - 2 = 4, y + 5*w = 21. Give b(y).
11
Let d(c) be the third derivative of 1/24*c**4 + 1/60*c**5 + 0 + 2*c**2 + 0*c + 1/120*c**6 + 0*c**3. Suppose 0 = 2*a + y, 6*a = 3*a - 5*y + 14. What is d(a)?
-6
Let w(q) = 2*q**3 - 3*q**2 + q - 1. Let y be w(2). Let n(d) = 2*d - 2. Let h(b) = 4*b - 3. Suppose -2*r + r + 7 = 0. Let l(t) = r*n(t) - 3*h(t). Calculate l(y).
5
Let u(k) be the third derivative of k**4/24 + k**3/3 + k**2. Let r(n) = -2*n**2 + n - 2. Suppose 27 = -3*c + 30. Let v be r(c). Determine u(v).
-1
Suppose 0 = 2*i - 3*y, -y = -3*i - 2*y + 11. Let w(p) = -p - i*p + 3*p. Give w(-6).
6
Let p be (602/(-516))/((-1)/6). Let s(j) be the second derivative of j**3/6 - 2*j**2 - j. What is s(p)?
3
Let g(q) = q**3 + q**2 + 5*q - 6. Let h(r) = 2*r**3 + r**2 + 10*r - 12. Let k(d) = 11*g(d) - 6*h(d). Suppose 3*o = o - 4*u, -4*o = -2*u - 20. What is k(o)?
2
Let q(g) = -14*g**2 + 4*g - 23. Let t(p) = -5*p**2 + p - 8. Let r(m) = 4*q(m) - 11*t(m). Let f be r(3). Let c(j) = j**2 - 2*j. What is c(f)?
0
Let y(w) = w**2 + 7*w + 5. Let p(v) = -v**2 + 10*v + 5. Let o be (-112)/(-10) - 1/5. Let s be p(o). What is y(s)?
-1
Let x(n) = -5*n. Let c(s) = 6*s - 1. Let t(p) = -4*c(p) - 5*x(p). What is t(-7)?
-3
Let t(o) be the first derivative of -1/12*o**4 - 1 + 2*o - 1/6*o**3 - o**2. Let d(c) be the first derivative of t(c). Determine d(-4).
-14
Let s(k) = -8*k**3 + k**2 - 1. Suppose 6 = 3*l - l. Let f = 6 + -5. Suppose 2 = l*x - f. What is s(x)?
-8
Let q(w) = 18*w**2 - 11*w**2 - 3*w + 3 - 9*w**2. Calculate q(-4).
-17
Let g = -37 + 24. Let k = g + 12. Let l(u) = 7*u. What is l(k)?
-7
Let d(o) = 5*o - 2. Let w be (-8)/3 - 4*2/24. Determine d(w).
-17
Let t(u) = -7*u**2 - 89*u**3 + 88*u**3 - 4 + 5*u**2. Suppose -6 - 3 = 3*b. What is t(b)?
5
Let w(c) = -7 - 5*c - 4*c - c - c**2 + 3*c. Calculate w(-5).
3
Suppose m = -2*x + 10, 5*m + 3*x + 13 = 42. Suppose m*l + 10 = 5*r - 1, 2*r - 3 